{"id":742,"date":"2020-02-25T13:32:24","date_gmt":"2020-02-25T12:32:24","guid":{"rendered":"http:\/\/kitgam.com\/?page_id=742"},"modified":"2024-07-23T00:57:51","modified_gmt":"2024-07-22T22:57:51","slug":"accueil","status":"publish","type":"page","link":"https:\/\/kitgam.com\/","title":{"rendered":"KITGAM"},"content":{"rendered":"<div class=\"brz-root__container brz-reset-all brz\">\n<section id=\"lozmzhldjegexszpyspwjcxvynzmwrzqsdoz\" class=\"brz-section brz-css-hofwr brz-css-xTs8b\">\n<div class=\"brz-section__content brz-section--fullWidth brz-css-eC236 brz-css-uL9UK\" data-brz-custom-id=\"qokltyqhtqyhpseemxqdtljlwhyjzaawysvz\">\n<div class=\"brz-bg\">\n<div class=\"brz-bg-image brz-bg-image-parallax\"><\/div>\n<\/div>\n<div class=\"brz-container brz-css-uasNz brz-css-udjLV\"><\/div>\n<\/div>\n<\/section>\n<section id=\"jlaunsxwdmtpcpclhpmmnmxbmltmwgobqboo\" class=\"brz-section brz-css-hofwr\">\n<div class=\"brz-section__content brz-section--boxed brz-css-eC236 brz-css-kPNUZ\" data-brz-custom-id=\"nifddtfswdhrogshvrvbkziekevlgfoyfxqr\">\n<div class=\"brz-bg\">\n<div class=\"brz-bg-color\"><\/div>\n<\/div>\n<div class=\"brz-container brz-css-uasNz\">\n<div class=\"brz-row__container brz-css-pK4sQ\" data-brz-custom-id=\"mowhacjuzmrfugftcxjuudnxihtfcdfghdqp\">\n<div class=\"brz-bg\"><\/div>\n<div class=\"brz-row brz-css-ndiFb brz-css-vsgA4\">\n<div class=\"brz-columns brz-css-kQ8yh brz-css-zdARk\" data-brz-custom-id=\"ycifzhfequaxiixzwrgtgcvvduohplkwwcjk\">\n<div class=\"brz-bg\"><\/div>\n<div class=\"brz-column__items brz-css-ymo6Q brz-css-x5igX\">\n<div id=\"\" class=\"brz-css-lbk3J brz-wrapper\">\n<div class=\"brz-rich-text brz-rich-text__custom brz-css-eDWdL\" data-brz-custom-id=\"yfcfeyprkxpsxodvftxxmiphsegluetpcuee\">\n<div data-brz-translate-text=\"1\">\n<p class=\"brz-tp-paragraph brz-text-lg-justify brz-bcp-color7 brz-css-a3cn8\"><span class=\"brz-cp-color8\"><span>UN ESCAPE GAME GRANDEUR NATURE&#8230; QU\u2019EST-CE QUE C\u2019EST ?<\/span><\/span><\/p>\n<p class=\"brz-tp-paragraph brz-text-lg-justify brz-bcp-color7 brz-css-fiTwj\"><span class=\"brz-cp-color8\"><span> <\/span><\/span><\/p>\n<p class=\"brz-tp-paragraph brz-text-lg-justify brz-bcp-color7 brz-css-iusT0\"><span class=\"brz-cp-color8\"><span>Kitgam propose aux entreprises et aux particuliers de vivre une exp\u00e9rience unique et collaborative dans un lieu insolite, sous forme d&rsquo;escape games <\/span><\/span><\/p>\n<p class=\"brz-tp-paragraph brz-text-lg-justify brz-bcp-color7 brz-css-dQmNV\"><span class=\"brz-cp-color8\"><span> <\/span><\/span><\/p>\n<p class=\"brz-tp-paragraph brz-text-lg-justify brz-bcp-color7 brz-css-xSa4M\"><span class=\"brz-cp-color8\"><span>Propuls\u00e9 dans un d\u00e9cor naturel, vous devrez, avec votre \u00e9quipe, r\u00e9soudre une s\u00e9rie d\u2019\u00e9nigmes et mener une enqu\u00eate.<\/span><\/span><\/p>\n<p class=\"brz-tp-paragraph brz-css-l44Se\"><\/p>\n<p class=\"brz-tp-paragraph brz-text-lg-justify brz-bcp-color7 brz-css-azxUo\"><span class=\"brz-cp-color8\"><span>Vous allez vivre une aventure unique ou\u0300 vous devrez faire appel<\/span><\/span><\/p>\n<p class=\"brz-tp-paragraph brz-text-lg-justify brz-bcp-color7 brz-css-z5Cti\">\n<p class=\"brz-tp-paragraph brz-text-lg-justify brz-bcp-color7 brz-css-wNAMv\"><span class=\"brz-cp-color8\"><span>a\u0300 la logique, \u00e0 la rapidit\u00e9, mais surtout \u00e0 votre esprit d\u2019\u00e9quipe!<\/span><\/span><\/p>\n<p class=\"brz-tp-paragraph brz-css-nGaJn\"><span class=\"brz-cp-color8\"><span> <\/span><\/span><\/p>\n<p class=\"brz-tp-paragraph brz-css-iMsz3\"><span class=\"brz-cp-color8\"><span>Seule la coh\u00e9sion de groupe vous aidera \u00e0 mener \u00e0 bien votre mission d\u2019enqu\u00eateur pendant&nbsp;75 minutes.<\/span><\/span><\/p>\n<\/div>\n<\/div>\n<\/div>\n<\/div>\n<\/div>\n<div class=\"brz-columns brz-css-kQ8yh\" data-brz-custom-id=\"mdugpiyiniukkawhrjvuutksrbewpxloaehk\">\n<div class=\"brz-bg\"><\/div>\n<div class=\"brz-column__items brz-css-ymo6Q\">\n<div id=\"\" class=\"brz-css-lbk3J brz-wrapper\">\n<div class=\"brz-image brz-css-ye33q\" data-brz-custom-id=\"gaxcadvcmuqfhzohhnadskbsyzbznbuhqplj\"><img data-recalc-dims=\"1\" decoding=\"async\" class=\"brz-img\" src=\"https:\/\/i0.wp.com\/kitgam.com\/wp-content\/uploads\/brizy\/imgs\/police-3284258-scaled-688x393x67x40x555x314x1582992051.jpg?ssl=1\" alt=\"\" loading=\"lazy\"><\/div>\n<\/div>\n<\/div>\n<\/div>\n<\/div>\n<\/div>\n<\/div>\n<\/div>\n<\/section>\n<section id=\"oauneplhowaxlieyrdknjgmgoveyxgdajxpo\" class=\"brz-section brz-css-hofwr\">\n<div class=\"brz-section__content brz-section--boxed brz-css-eC236 brz-css-nfuHI\" data-brz-custom-id=\"sbiaaqgghomkwtznvycwdlqqobsxkmlsvsud\">\n<div class=\"brz-bg\">\n<div class=\"brz-bg-color\"><\/div>\n<\/div>\n<div class=\"brz-container brz-css-uasNz\">\n<div class=\"brz-row__container brz-css-pK4sQ\" data-brz-custom-id=\"hthwkcitjjviovledkiyxmqsuselppmmgdpa\">\n<div class=\"brz-bg\"><\/div>\n<div class=\"brz-row brz-css-ndiFb brz-css-vsgA4\">\n<div class=\"brz-columns brz-css-kQ8yh\" data-brz-custom-id=\"hrflgslusiwpteaklkkfrdvofondlgxafgey\">\n<div class=\"brz-bg\"><\/div>\n<div class=\"brz-column__items brz-css-ymo6Q\">\n<div id=\"\" class=\"brz-css-lbk3J brz-wrapper\">\n<div class=\"brz-image brz-css-goKlN\" data-brz-custom-id=\"qhcsbidwzzqjqbhvrhuhwovwczrkmpwfcshb\"><img data-recalc-dims=\"1\" decoding=\"async\" class=\"brz-img\" src=\"https:\/\/i0.wp.com\/kitgam.com\/wp-content\/uploads\/brizy\/imgs\/rock-snow-light-interior-building-old-1234593-pxhere.com_-scaled-555x369x0x30x555x310x1582992117.jpg?ssl=1\" alt=\"\" loading=\"lazy\"><\/div>\n<\/div>\n<\/div>\n<\/div>\n<div class=\"brz-columns brz-css-kQ8yh\" data-brz-custom-id=\"pvwlxwoewkkttivrzunvywyhegmwgtqcqbxd\">\n<div class=\"brz-bg\"><\/div>\n<div class=\"brz-column__items brz-css-ymo6Q\">\n<div id=\"\" class=\"brz-css-lbk3J brz-wrapper\">\n<div class=\"brz-rich-text brz-rich-text__custom brz-css-eDWdL\" data-brz-custom-id=\"lfddjexxaeooidhzwxmgkzesglfvzkyxiulu\">\n<div data-brz-translate-text=\"1\">\n<p class=\"brz-bcp-color7 brz-text-lg-justify brz-tp-paragraph brz-css-l4RjO\"><span class=\"brz-cp-color8\"><span>Pendant le jeu, vous pourrez communiquer avec le Mai\u0302tre du jeu Kitgam pour vous orienter dans le jeu si besoin. Une immersion totale dans un de\u0301cor re\u0301aliste et atypique.<\/span><\/span><\/p>\n<p class=\"brz-css-zvT8F\">\n<p class=\"brz-bcp-color7 brz-text-lg-justify brz-tp-paragraph brz-css-k3kBW\">L\u2019es<span class=\"brz-cp-color8\"><span>cape Game s\u2019adresse \u00e0 tout public et vous ne serez jamais enferm\u00e9 dans une pi\u00e8ce. Nous pr\u00e9f\u00e9rons proposer \u00e0 nos participants une exp\u00e9rience ludique autour de jeux de r\u00e9flexion et de la d\u00e9couverte d\u2019un lieu exceptionnel.<\/span><\/span><\/p>\n<\/div>\n<\/div>\n<\/div>\n<\/div>\n<\/div>\n<\/div>\n<\/div>\n<\/div>\n<\/div>\n<\/section>\n<section id=\"qsirlbjgskahaonftiptqsvecfdxhatqhuct\" class=\"brz-section brz-css-hofwr brz-css-cjZMz\">\n<div class=\"brz-section__content brz-section--fullWidth brz-css-eC236 brz-css-zbpOW\" data-brz-custom-id=\"zuesqtkntcmlttloumomqtulazilkzrdqhzq\">\n<div class=\"brz-bg\">\n<div class=\"brz-bg-image brz-bg-image-parallax\"><\/div>\n<\/div>\n<div class=\"brz-container brz-css-uasNz brz-css-dydor\"><\/div>\n<\/div>\n<\/section>\n<section id=\"bfqmaaxnhiubyhwlddekuifiiipttilwinnr\" class=\"brz-section brz-css-hofwr brz-css-sbhfs\">\n<div class=\"brz-section__content brz-section--fullWidth brz-css-eC236 brz-css-jqSSp\" data-brz-custom-id=\"oktznbenxhwlxawvjeftiwxacnekctfvepem\">\n<div class=\"brz-bg\">\n<div class=\"brz-bg-color\"><\/div>\n<\/div>\n<div class=\"brz-container brz-css-uasNz brz-css-ep8E9\">\n<div class=\"brz-row__container brz-css-pK4sQ\" data-brz-custom-id=\"gefdrmeveymyrcixoqnmsnssvfvtewpferah\">\n<div class=\"brz-bg\"><\/div>\n<div class=\"brz-row brz-css-ndiFb brz-css-vsgA4\">\n<div class=\"brz-columns brz-css-kQ8yh brz-css-aXYMN\" data-brz-custom-id=\"eumgdsldobweqhlxactiiujaexywjtvcgmhd\">\n<div class=\"brz-bg\"><\/div>\n<div class=\"brz-column__items brz-css-ymo6Q brz-css-nfAAe\">\n<div class=\"brz-wrapper-clone brz-css-eCyGS brz-css-mZkex\">\n<div class=\"brz-d-xs-flex brz-flex-xs-wrap brz-css-dSK0E\" data-brz-custom-id=\"\">\n<div class=\"brz-wrapper-clone__item\" id=\"lhaoorvrorxnmlqhumugpvrqhrcdneamcowm\">\n<div class=\"brz-icon__container\" data-brz-custom-id=\"lhaoorvrorxnmlqhumugpvrqhrcdneamcowm\"><a class=\"brz-a\" href=\"https:\/\/kitgam.com\" target=\"_self\" rel=\"noopener\" data-brz-link-type=\"external\"><span class=\"brz-icon brz-span brz-css-nU7TQ brz-css-fiTvE\"><\/span><\/a><\/div>\n<\/div>\n<\/div>\n<\/div>\n<\/div>\n<\/div>\n<\/div>\n<\/div>\n<\/div>\n<\/div>\n<\/section>\n<section id=\"hsstcyxcnrwzidkopwduwzrkrahxiqqusrrk\" class=\"brz-section brz-css-hofwr brz-css-f5c20\">\n<div class=\"brz-section__content brz-section--boxed brz-css-eC236 brz-css-pqZs1\" data-brz-custom-id=\"qvdnzzameqypbceqihrcxxmaefziunhudgcs\">\n<div class=\"brz-container brz-css-uasNz\">\n<div class=\"brz-row__container brz-css-pK4sQ\" data-brz-custom-id=\"qmjgotzlxdvhpyyonmcoagriqiijypoiqrzb\">\n<div class=\"brz-bg\"><\/div>\n<div class=\"brz-row brz-css-ndiFb brz-css-vsgA4\">\n<div class=\"brz-columns brz-css-kQ8yh brz-css-oSjUk\" data-brz-custom-id=\"zuzguyglubmnofgpvlldewqpyfjsvacazwcm\">\n<div class=\"brz-bg\"><\/div>\n<div class=\"brz-column__items brz-css-ymo6Q brz-css-g05PD\">\n<div id=\"\" class=\"brz-css-lbk3J brz-css-s_pSg brz-wrapper\">\n<div class=\"brz-rich-text brz-rich-text__custom brz-css-eDWdL\" data-brz-custom-id=\"wyrjmtxwnvymqseautyaexkfnskhgybhycfe\">\n<div data-brz-translate-text=\"1\">\n<p class=\"brz-fs-xs-im-25 brz-fs-sm-im-25 brz-fs-lg-26 brz-mb-lg-0 brz-mt-lg-0 brz-fw-xs-im-400 brz-fw-sm-im-400 brz-fw-lg-400 brz-ft-google brz-ff-overpass brz-ls-xs-im-0 brz-ls-sm-im-0 brz-ls-lg-0 brz-lh-xs-im-1_6 brz-lh-sm-im-1_6 brz-lh-lg-1_9 brz-text-lg-center brz-css-cnFXC\"><a class=\"link--external\" href=\"https:\/\/kitgam.com\/index.php\/conception-sur-mesure\/\" data-brz-link-type=\"external\"><span>CONCEPTION SUR MESURE<\/span><\/a><\/p>\n<\/div>\n<\/div>\n<\/div>\n<\/div>\n<p><a class=\"brz-a brz-container-link\" href=\"https:\/\/kitgam.com\" target=\"_self\" rel=\"noopener\" data-brz-link-type=\"external\"><\/a><\/div>\n<\/div>\n<\/div>\n<\/div>\n<\/div>\n<\/section>\n<section id=\"qfewmrkxmwjxisoqwdkaxpclhpdyzbhwohka\" class=\"brz-section brz-css-hofwr brz-css-ve1K7\">\n<div class=\"brz-section__content brz-section--boxed brz-css-eC236 brz-css-tMIXq\" data-brz-custom-id=\"kpuvseewiyybxhnkuunqbyjsbwlniuqstnla\">\n<div class=\"brz-container brz-css-uasNz\">\n<div class=\"brz-row__container brz-css-pK4sQ\" data-brz-custom-id=\"iotgrlrzgsysclelcibbkzhntuunupobiaha\">\n<div class=\"brz-bg\"><\/div>\n<div class=\"brz-row brz-css-ndiFb brz-css-vsgA4\">\n<div class=\"brz-columns brz-css-kQ8yh brz-css-iB5Yd\" data-brz-custom-id=\"zsoioteocuftgojmskkomrnahmgmhvzxcxyj\">\n<div class=\"brz-bg\"><\/div>\n<div class=\"brz-column__items brz-css-ymo6Q brz-css-e327d\">\n<div class=\"brz-wrapper-clone brz-css-eCyGS brz-css-fBf51\">\n<div class=\"brz-d-xs-flex brz-flex-xs-wrap brz-css-dSK0E\" data-brz-custom-id=\"\">\n<div class=\"brz-wrapper-clone__item\" id=\"izzwnofxsbgnfagltqhhjftcrodkaqcdqpxk\">\n<div class=\"brz-icon__container\" data-brz-custom-id=\"izzwnofxsbgnfagltqhhjftcrodkaqcdqpxk\"><a class=\"brz-a\" href=\"https:\/\/kitgam.com\" target=\"_self\" rel=\"noopener\" data-brz-link-type=\"external\"><span class=\"brz-icon brz-span brz-css-nU7TQ brz-css-jKHq5\"><\/span><\/a><\/div>\n<\/div>\n<\/div>\n<\/div>\n<\/div>\n<p><a class=\"brz-a brz-container-link\" href=\"https:\/\/kitgam.com\" target=\"_self\" rel=\"noopener\" data-brz-link-type=\"external\"><\/a><\/div>\n<\/div>\n<\/div>\n<\/div>\n<\/div>\n<\/section>\n<section id=\"jaqhcoxjdqqbokyhazuuborumitdvcqppliv\" class=\"brz-section brz-css-hofwr brz-css-kAJlW\">\n<div class=\"brz-section__content brz-section--boxed brz-css-eC236 brz-css-sQthB\" data-brz-custom-id=\"mbbrsgiwwjfdiuwntsxjbqofwmoyvxrgszev\">\n<div class=\"brz-container brz-css-uasNz\">\n<div class=\"brz-row__container brz-css-pK4sQ\" data-brz-custom-id=\"tnkwukgmltzgkshvczvcfwlayzzlwzounjva\">\n<div class=\"brz-bg\"><\/div>\n<div class=\"brz-row brz-css-ndiFb brz-css-vsgA4\">\n<div class=\"brz-columns brz-css-kQ8yh brz-css-k9jq1\" data-brz-custom-id=\"wnieswswaykrlpoikvlmsymegpbyojgqykfz\">\n<div class=\"brz-bg\"><\/div>\n<div class=\"brz-column__items brz-css-ymo6Q brz-css-ozklx\">\n<div id=\"\" class=\"brz-css-lbk3J brz-css-kWRmd brz-wrapper\">\n<div class=\"brz-rich-text brz-rich-text__custom brz-css-eDWdL\" data-brz-custom-id=\"cjgvjjuqlqfjeervronwbkoetvjgiyxpviis\">\n<div data-brz-translate-text=\"1\">\n<p class=\"brz-tp-paragraph brz-text-lg-center brz-css-xB2h0\"><a class=\"link--external brz-cp-color8\" href=\"https:\/\/kitgam.com\" data-brz-link-type=\"external\"><span>Revenir en Haut<\/span><\/a><\/p>\n<\/div>\n<\/div>\n<\/div>\n<\/div>\n<\/div>\n<\/div>\n<\/div>\n<\/div>\n<\/div>\n<\/section>\n<\/div>\n<p>    <!-- version:1721689071 --><\/p>\n","protected":false},"excerpt":{"rendered":"<p>UN ESCAPE GAME GRANDEUR NATURE&#8230; QU\u2019EST-CE QUE C\u2019EST ? Kitgam propose aux entreprises et aux particuliers de vivre une exp\u00e9rience unique et collaborative dans un lieu insolite, sous forme d&rsquo;escape games Propuls\u00e9 dans un d\u00e9cor naturel, vous devrez, avec votre \u00e9quipe, r\u00e9soudre une s\u00e9rie d\u2019\u00e9nigmes et mener une enqu\u00eate. Vous allez vivre une aventure unique [&hellip;]<\/p>\n","protected":false},"author":1,"featured_media":739,"parent":0,"menu_order":0,"comment_status":"closed","ping_status":"closed","template":"brizy-blank-template.php","meta":{"site-sidebar-layout":"no-sidebar","site-content-layout":"default","ast-site-content-layout":"","site-content-style":"default","site-sidebar-style":"default","ast-global-header-display":"","ast-banner-title-visibility":"","ast-main-header-display":"","ast-hfb-above-header-display":"","ast-hfb-below-header-display":"","ast-hfb-mobile-header-display":"","site-post-title":"","ast-breadcrumbs-content":"","ast-featured-img":"","footer-sml-layout":"","theme-transparent-header-meta":"disabled","adv-header-id-meta":"","stick-header-meta":"","header-above-stick-meta":"","header-main-stick-meta":"","header-below-stick-meta":"","astra-migrate-meta-layouts":"default","ast-page-background-enabled":"default","ast-page-background-meta":{"desktop":{"background-color":"","background-image":"","background-repeat":"repeat","background-position":"center center","background-size":"auto","background-attachment":"scroll","background-type":"","background-media":"","overlay-type":"","overlay-color":"","overlay-opacity":"","overlay-gradient":""},"tablet":{"background-color":"","background-image":"","background-repeat":"repeat","background-position":"center center","background-size":"auto","background-attachment":"scroll","background-type":"","background-media":"","overlay-type":"","overlay-color":"","overlay-opacity":"","overlay-gradient":""},"mobile":{"background-color":"","background-image":"","background-repeat":"repeat","background-position":"center center","background-size":"auto","background-attachment":"scroll","background-type":"","background-media":"","overlay-type":"","overlay-color":"","overlay-opacity":"","overlay-gradient":""}},"ast-content-background-meta":{"desktop":{"background-color":"var(--ast-global-color-5)","background-image":"","background-repeat":"repeat","background-position":"center center","background-size":"auto","background-attachment":"scroll","background-type":"","background-media":"","overlay-type":"","overlay-color":"","overlay-opacity":"","overlay-gradient":""},"tablet":{"background-color":"var(--ast-global-color-5)","background-image":"","background-repeat":"repeat","background-position":"center center","background-size":"auto","background-attachment":"scroll","background-type":"","background-media":"","overlay-type":"","overlay-color":"","overlay-opacity":"","overlay-gradient":""},"mobile":{"background-color":"var(--ast-global-color-5)","background-image":"","background-repeat":"repeat","background-position":"center center","background-size":"auto","background-attachment":"scroll","background-type":"","background-media":"","overlay-type":"","overlay-color":"","overlay-opacity":"","overlay-gradient":""}},"footnotes":""},"yoast_head":"<!-- This site is optimized with the Yoast SEO plugin v24.5 - https:\/\/yoast.com\/wordpress\/plugins\/seo\/ -->\n<title>Kitgam - cr\u00e9ation de jeux sur mesure pour les entreprises et les particuliers<\/title>\n<meta name=\"description\" content=\"Kitgam propose aux entreprises et aux particuliers de vivre une exp\u00e9rience unique et collaborative dans un lieu insolite, sous forme d&#039;escape games.\" \/>\n<meta name=\"robots\" content=\"index, follow, max-snippet:-1, max-image-preview:large, max-video-preview:-1\" \/>\n<link rel=\"canonical\" href=\"https:\/\/kitgam.com\/\" \/>\n<meta property=\"og:locale\" content=\"fr_FR\" \/>\n<meta property=\"og:type\" content=\"article\" \/>\n<meta property=\"og:title\" content=\"Kitgam - cr\u00e9ation de jeux sur mesure pour les entreprises et les particuliers\" \/>\n<meta property=\"og:description\" content=\"Kitgam propose aux entreprises et aux particuliers de vivre une exp\u00e9rience unique et collaborative dans un lieu insolite, sous forme d&#039;escape games.\" \/>\n<meta property=\"og:url\" content=\"https:\/\/kitgam.com\/\" \/>\n<meta property=\"og:site_name\" content=\"Kitgam\" \/>\n<meta property=\"article:publisher\" content=\"https:\/\/www.facebook.com\/Kiitgam\/\" \/>\n<meta property=\"article:modified_time\" content=\"2024-07-22T22:57:51+00:00\" \/>\n<meta property=\"og:image\" content=\"https:\/\/kitgam.com\/wp-content\/uploads\/2020\/02\/kitgam-petit-logo.png\" \/>\n\t<meta property=\"og:image:width\" content=\"425\" \/>\n\t<meta property=\"og:image:height\" content=\"211\" \/>\n\t<meta property=\"og:image:type\" content=\"image\/png\" \/>\n<meta name=\"twitter:card\" content=\"summary_large_image\" \/>\n<meta name=\"twitter:label1\" content=\"Dur\u00e9e de lecture estim\u00e9e\" \/>\n\t<meta name=\"twitter:data1\" content=\"1 minute\" \/>\n<script type=\"application\/ld+json\" class=\"yoast-schema-graph\">{\"@context\":\"https:\/\/schema.org\",\"@graph\":[{\"@type\":\"WebPage\",\"@id\":\"https:\/\/kitgam.com\/\",\"url\":\"https:\/\/kitgam.com\/\",\"name\":\"Kitgam - cr\u00e9ation de jeux sur mesure pour les entreprises et les particuliers\",\"isPartOf\":{\"@id\":\"https:\/\/kitgam.com\/#website\"},\"primaryImageOfPage\":{\"@id\":\"https:\/\/kitgam.com\/#primaryimage\"},\"image\":{\"@id\":\"https:\/\/kitgam.com\/#primaryimage\"},\"thumbnailUrl\":\"https:\/\/kitgam.com\/wp-content\/uploads\/2020\/02\/kitgam-petit-logo.png\",\"datePublished\":\"2020-02-25T12:32:24+00:00\",\"dateModified\":\"2024-07-22T22:57:51+00:00\",\"description\":\"Kitgam propose aux entreprises et aux particuliers de vivre une exp\u00e9rience unique et collaborative dans un lieu insolite, sous forme d'escape games.\",\"breadcrumb\":{\"@id\":\"https:\/\/kitgam.com\/#breadcrumb\"},\"inLanguage\":\"fr-FR\",\"potentialAction\":[{\"@type\":\"ReadAction\",\"target\":[\"https:\/\/kitgam.com\/\"]}]},{\"@type\":\"ImageObject\",\"inLanguage\":\"fr-FR\",\"@id\":\"https:\/\/kitgam.com\/#primaryimage\",\"url\":\"https:\/\/kitgam.com\/wp-content\/uploads\/2020\/02\/kitgam-petit-logo.png\",\"contentUrl\":\"https:\/\/kitgam.com\/wp-content\/uploads\/2020\/02\/kitgam-petit-logo.png\",\"width\":425,\"height\":211,\"caption\":\"kitgam-petit-logo-actuel\"},{\"@type\":\"BreadcrumbList\",\"@id\":\"https:\/\/kitgam.com\/#breadcrumb\",\"itemListElement\":[{\"@type\":\"ListItem\",\"position\":1,\"name\":\"Accueil\",\"item\":\"https:\/\/kitgam.com\/\"},{\"@type\":\"ListItem\",\"position\":2,\"name\":\"KITGAM\"}]},{\"@type\":\"WebSite\",\"@id\":\"https:\/\/kitgam.com\/#website\",\"url\":\"https:\/\/kitgam.com\/\",\"name\":\"Kitgam\",\"description\":\"Vivre une exp\u00e9rience unique et collaborative dans un lieu insolite!\",\"publisher\":{\"@id\":\"https:\/\/kitgam.com\/#organization\"},\"potentialAction\":[{\"@type\":\"SearchAction\",\"target\":{\"@type\":\"EntryPoint\",\"urlTemplate\":\"https:\/\/kitgam.com\/?s={search_term_string}\"},\"query-input\":{\"@type\":\"PropertyValueSpecification\",\"valueRequired\":true,\"valueName\":\"search_term_string\"}}],\"inLanguage\":\"fr-FR\"},{\"@type\":\"Organization\",\"@id\":\"https:\/\/kitgam.com\/#organization\",\"name\":\"Kitgam\",\"url\":\"https:\/\/kitgam.com\/\",\"logo\":{\"@type\":\"ImageObject\",\"inLanguage\":\"fr-FR\",\"@id\":\"https:\/\/kitgam.com\/#\/schema\/logo\/image\/\",\"url\":\"https:\/\/kitgam.com\/wp-content\/uploads\/2020\/02\/kitgam-petit-logo.png\",\"contentUrl\":\"https:\/\/kitgam.com\/wp-content\/uploads\/2020\/02\/kitgam-petit-logo.png\",\"width\":425,\"height\":211,\"caption\":\"Kitgam\"},\"image\":{\"@id\":\"https:\/\/kitgam.com\/#\/schema\/logo\/image\/\"},\"sameAs\":[\"https:\/\/www.facebook.com\/Kiitgam\/\",\"https:\/\/instagram.com\/superkitgam?igshid=1g4ccm4y0yn9r\"]}]}<\/script>\n<!-- \/ Yoast SEO plugin. -->","yoast_head_json":{"title":"Kitgam - cr\u00e9ation de jeux sur mesure pour les entreprises et les particuliers","description":"Kitgam propose aux entreprises et aux particuliers de vivre une exp\u00e9rience unique et collaborative dans un lieu insolite, sous forme d'escape games.","robots":{"index":"index","follow":"follow","max-snippet":"max-snippet:-1","max-image-preview":"max-image-preview:large","max-video-preview":"max-video-preview:-1"},"canonical":"https:\/\/kitgam.com\/","og_locale":"fr_FR","og_type":"article","og_title":"Kitgam - cr\u00e9ation de jeux sur mesure pour les entreprises et les particuliers","og_description":"Kitgam propose aux entreprises et aux particuliers de vivre une exp\u00e9rience unique et collaborative dans un lieu insolite, sous forme d'escape games.","og_url":"https:\/\/kitgam.com\/","og_site_name":"Kitgam","article_publisher":"https:\/\/www.facebook.com\/Kiitgam\/","article_modified_time":"2024-07-22T22:57:51+00:00","og_image":[{"width":425,"height":211,"url":"https:\/\/kitgam.com\/wp-content\/uploads\/2020\/02\/kitgam-petit-logo.png","type":"image\/png"}],"twitter_card":"summary_large_image","twitter_misc":{"Dur\u00e9e de lecture estim\u00e9e":"1 minute"},"schema":{"@context":"https:\/\/schema.org","@graph":[{"@type":"WebPage","@id":"https:\/\/kitgam.com\/","url":"https:\/\/kitgam.com\/","name":"Kitgam - cr\u00e9ation de jeux sur mesure pour les entreprises et les particuliers","isPartOf":{"@id":"https:\/\/kitgam.com\/#website"},"primaryImageOfPage":{"@id":"https:\/\/kitgam.com\/#primaryimage"},"image":{"@id":"https:\/\/kitgam.com\/#primaryimage"},"thumbnailUrl":"https:\/\/kitgam.com\/wp-content\/uploads\/2020\/02\/kitgam-petit-logo.png","datePublished":"2020-02-25T12:32:24+00:00","dateModified":"2024-07-22T22:57:51+00:00","description":"Kitgam propose aux entreprises et aux particuliers de vivre une exp\u00e9rience unique et collaborative dans un lieu insolite, sous forme d'escape games.","breadcrumb":{"@id":"https:\/\/kitgam.com\/#breadcrumb"},"inLanguage":"fr-FR","potentialAction":[{"@type":"ReadAction","target":["https:\/\/kitgam.com\/"]}]},{"@type":"ImageObject","inLanguage":"fr-FR","@id":"https:\/\/kitgam.com\/#primaryimage","url":"https:\/\/kitgam.com\/wp-content\/uploads\/2020\/02\/kitgam-petit-logo.png","contentUrl":"https:\/\/kitgam.com\/wp-content\/uploads\/2020\/02\/kitgam-petit-logo.png","width":425,"height":211,"caption":"kitgam-petit-logo-actuel"},{"@type":"BreadcrumbList","@id":"https:\/\/kitgam.com\/#breadcrumb","itemListElement":[{"@type":"ListItem","position":1,"name":"Accueil","item":"https:\/\/kitgam.com\/"},{"@type":"ListItem","position":2,"name":"KITGAM"}]},{"@type":"WebSite","@id":"https:\/\/kitgam.com\/#website","url":"https:\/\/kitgam.com\/","name":"Kitgam","description":"Vivre une exp\u00e9rience unique et collaborative dans un lieu insolite!","publisher":{"@id":"https:\/\/kitgam.com\/#organization"},"potentialAction":[{"@type":"SearchAction","target":{"@type":"EntryPoint","urlTemplate":"https:\/\/kitgam.com\/?s={search_term_string}"},"query-input":{"@type":"PropertyValueSpecification","valueRequired":true,"valueName":"search_term_string"}}],"inLanguage":"fr-FR"},{"@type":"Organization","@id":"https:\/\/kitgam.com\/#organization","name":"Kitgam","url":"https:\/\/kitgam.com\/","logo":{"@type":"ImageObject","inLanguage":"fr-FR","@id":"https:\/\/kitgam.com\/#\/schema\/logo\/image\/","url":"https:\/\/kitgam.com\/wp-content\/uploads\/2020\/02\/kitgam-petit-logo.png","contentUrl":"https:\/\/kitgam.com\/wp-content\/uploads\/2020\/02\/kitgam-petit-logo.png","width":425,"height":211,"caption":"Kitgam"},"image":{"@id":"https:\/\/kitgam.com\/#\/schema\/logo\/image\/"},"sameAs":["https:\/\/www.facebook.com\/Kiitgam\/","https:\/\/instagram.com\/superkitgam?igshid=1g4ccm4y0yn9r"]}]}},"jetpack_sharing_enabled":true,"_links":{"self":[{"href":"https:\/\/kitgam.com\/index.php\/wp-json\/wp\/v2\/pages\/742"}],"collection":[{"href":"https:\/\/kitgam.com\/index.php\/wp-json\/wp\/v2\/pages"}],"about":[{"href":"https:\/\/kitgam.com\/index.php\/wp-json\/wp\/v2\/types\/page"}],"author":[{"embeddable":true,"href":"https:\/\/kitgam.com\/index.php\/wp-json\/wp\/v2\/users\/1"}],"replies":[{"embeddable":true,"href":"https:\/\/kitgam.com\/index.php\/wp-json\/wp\/v2\/comments?post=742"}],"version-history":[{"count":30,"href":"https:\/\/kitgam.com\/index.php\/wp-json\/wp\/v2\/pages\/742\/revisions"}],"predecessor-version":[{"id":5452,"href":"https:\/\/kitgam.com\/index.php\/wp-json\/wp\/v2\/pages\/742\/revisions\/5452"}],"wp:featuredmedia":[{"embeddable":true,"href":"https:\/\/kitgam.com\/index.php\/wp-json\/wp\/v2\/media\/739"}],"wp:attachment":[{"href":"https:\/\/kitgam.com\/index.php\/wp-json\/wp\/v2\/media?parent=742"}],"curies":[{"name":"wp","href":"https:\/\/api.w.org\/{rel}","templated":true}]}}